ghest common factor of 1239552 and 85004?
1076
Calculate the greatest common factor of 20 and 3265752.
4
What is the greatest common divisor of 586 and 103211594?
586
What is the highest common factor of 231230 and 1219434?
2434
Calculate the highest common divisor of 1905319 and 247.
13
What is the highest common divisor of 1701 and 209358?
27
Calculate the greatest common factor of 4391209 and 35351.
1537
Calculate the highest common factor of 500914 and 329986.
2374
Calculate the highest common factor of 153536286 and 12.
6
What is the highest common factor of 259616 and 118104?
1064
Calculate the highest common divisor of 27066 and 69888.
78
What is the greatest common divisor of 54412442 and 469?
469
What is the greatest common divisor of 186 and 214739139?
93
What is the highest common divisor of 205494 and 3219?
87
Calculate the greatest common divisor of 38154977 and 1557.
173
What is the highest common factor of 348 and 57579732?
348
Calculate the greatest common factor of 254583 and 1813511.
3143
What is the greatest common divisor of 1440140 and 30885?
145
Calculate the highest common factor of 39712 and 18508274.
2482
What is the greatest common divisor of 5 and 90331815?
5
Calculate the highest common divisor of 61050 and 720885.
165
What is the highest common divisor of 84310087 and 4921?
703
What is the highest common divisor of 33 and 313384170?
33
Calculate the highest common factor of 125881 and 9175.
367
Calculate the greatest common divisor of 6690 and 328516910.
2230
Calculate the greatest common divisor of 1394 and 1695937.
17
Calculate the highest common divisor of 1955 and 15458185.
1955
Calculate the greatest common factor of 114780 and 2265.
15
What is the greatest common factor of 111314754 and 738?
738
Calculate the greatest common factor of 324304893 and 1644.
411
What is the greatest common divisor of 1446139 and 12223?
17
What is the highest common divisor of 444 and 64276659?
111
Calculate the greatest common factor of 4914 and 671034.
546
Calculate the highest common factor of 365905594 and 1042.
1042
Calculate the highest common divisor of 3319 and 122029673.
3319
What is the greatest common divisor of 70381525 and 16760?
2095
Calculate the greatest common divisor of 41863634 and 35586.
1318
Calculate the greatest common divisor of 1280055 and 9855.
1095
What is the greatest common divisor of 23579408 and 272?
272
Calculate the highest common divisor of 435 and 16139979.
87
What is the greatest common divisor of 80362 and 36997966?
3494
What is the highest common divisor of 758637 and 5337?
9
What is the greatest common factor of 103184333 and 56?
7
What is the greatest common divisor of 7692174 and 3444?
1722
Calculate the greatest common divisor of 20391 and 64785.
21
What is the greatest common divisor of 201606914 and 23?
23
What is the highest common divisor of 5025825 and 48825?
1575
What is the highest common factor of 21 and 58694041?
7
Calculate the greatest common factor of 845178399 and 351.
117
What is the greatest common divisor of 1496 and 59023558?
374
Calculate the greatest common factor of 167 and 351305041.
167
What is the greatest common divisor of 469 and 55617638?
67
What is the greatest common divisor of 1714010 and 40?
10
Calculate the greatest common divisor of 11 and 10786039.
11
Calculate the greatest common factor of 656 and 444222208.
656
Calculate the highest common factor of 54 and 25079598.
54
Calculate the greatest common factor of 2436770 and 22260.
70
What is the highest common factor of 23137840 and 1210?
110
Calculate the greatest common factor of 1519257 and 3552.
111
Calculate the greatest common factor of 21736496 and 1952.
976
What is the greatest common factor of 3673 and 2416723810?
3673
What is the greatest common factor of 4668 and 192271808?
1556
What is the greatest common factor of 48139 and 512785?
2093
What is the greatest common factor of 4550039 and 3471?
13
Calculate the highest common divisor of 2937538 and 114496.
3578
What is the greatest common factor of 53149536 and 41184?
3168
Calculate the greatest common factor of 299533 and 4121.
13
What is the highest common divisor of 184210395 and 45?
15
Calculate the greatest common divisor of 322 and 9842560.
14
What is the highest common divisor of 2012796 and 459?
27
Calculate the highest common divisor of 205822 and 34.
2
Calculate the highest common divisor of 9087716 and 49984.
3124
Calculate the highest common factor of 81 and 20530989.
81
Calculate the greatest common divisor of 60 and 17633940.
60
Calculate the greatest common divisor of 794353 and 7511.
259
What is the highest common factor of 165 and 686543?
11
What is the highest common factor of 32 and 76949536?
32
What is the highest common factor of 8970 and 7966740?
690
Calculate the highest common divisor of 752424 and 1536.
24
What is the greatest common factor of 291671 and 5513?
37
Calculate the highest common factor of 62460 and 2926620.
180
Calculate the greatest common divisor of 26978 and 3027112.
82
Calculate the greatest common factor of 67621 and 16283.
19
What is the greatest common factor of 11248 and 13980561?
703
What is the greatest common divisor of 277247426 and 3122?
446
What is the highest common factor of 2490200 and 11425?
25
Calculate the highest common factor of 48396278 and 28.
14
What is the highest common factor of 40 and 843872200?
40
What is the highest common divisor of 926195 and 199865?
355
What is the greatest common divisor of 1576562 and 2678?
26
What is the greatest common divisor of 5678395 and 1954331?
4013
Calculate the highest common factor of 70089 and 74847.
183
Calculate the highest common factor of 10806435 and 31914.
1773
Calculate the highest common divisor of 45904 and 29744.
16
What is the highest common factor of 889052 and 12784?
188
What is the highest common factor of 69680 and 23383?
67
Calculate the highest common divisor of 9345512 and 506.
22
What is the highest common factor of 21971045 and 205?
5
Calculate the highest common factor of 3570 and 445035.
15
Calculate the greatest common factor of 1083 and 2913992.
361
What is the highest common divisor of 192 and 2484536?
8
What is the highest common factor of 673960 and 137116?
2324
What is the highest common divisor of 876 and 34076181?
219
What is the greatest common divisor of 212720 and 38292259?
2659
What is the highest common factor of 709072 and 278096?
1456
What is the greatest common factor of 266 and 1185436?
14
Calculate the greatest common divisor of 311134923 and 66.
33
Calculate the greatest common factor of 120 and 16051443.
3
Calculate the highest common factor of 1437652 and 121766.
214
Calculate the greatest common factor of 35 and 1613388140.
35
What is the highest common divisor of 1201671 and 2859?
3
Calculate the greatest common divisor of 345320 and 223973.
97
Calculate the highest common factor of 73668678 and 276.
138
What is the greatest common divisor of 15196385 and 170?
85
What is the highest common factor of 6984859 and 973?
7
Calculate the greatest common factor of 33139883 and 7665.
511
What is the greatest common factor of 423969 and 743106?
273
What is the highest common divisor of 15781086 and 43?
43
What is the greatest common factor of 42400 and 205600?
800
Calculate the greatest common factor of 84700 and 8330.
70
Calculate the highest common factor of 758815031 and 10946.
5473
What is the greatest common divisor of 12 and 5745078?
6
Calculate the highest common factor of 13631 and 273437.
43
Calculate the highest common divisor of 44968 and 218504.
88
What is the highest common divisor of 495049 and 19781?
131
What is the greatest common divisor of 550 and 2567290?
110
What is the greatest common factor of 7677 and 15219?
9
What is the highest common factor of 2506536 and 386136?
2232
Calculate the highest common factor of 6024 and 432696.
24
Calculate the highest common divisor of 22759 and 29557.
11
Calculate the highest common divisor of 90365 and 685.
5
Calculate the greatest common divisor of 131 and 73043897.
131
What is the highest common factor of 219 and 789860?
73
Calculate the greatest common factor of 103784537 and 1198.
599
Calculate the greatest common divisor of 72 and 483342408.
72
C